 + 2 + 2 - (17 + 29 - 72)?
15
Evaluate 87 + -12 - (-44 + -71 + 117).
73
Calculate -106 + (-26 - -34) + -35 + 38.
-95
What is 85 - 90 - (-8 + (-4 - (4 - 15 - -6)))?
2
Calculate (-7 - 2) + (20 - 18) + 0 + (-41 - -3).
-45
Evaluate -98 - (5 - -1 - (-12 + (21 - -14) + -8)).
-89
What is the value of -8 + (43 - (-26 - (9 + -5 + -22)))?
43
-30 + (-8 - -17) + -4 + 6 + -24
-43
Evaluate 66 + (-66 - (122 + -84)).
-38
What is the value of 64 - (-34 + -32) - 54?
76
Calculate -3 + -8 - (864 + -898).
23
What is (-5 - 3) + (-1 + (21 - 14) - (8 - -5))?
-15
-13 - (-4 - (-10 - (13 - (-10 + -8))))
-50
Calculate 7 + (-31 - -7 - (-48 + 19)).
12
-86 + 97 + 30 + -7
34
Evaluate -27 + 32 + -14 - (4 + 0 + (-35 - -33)).
-11
Evaluate -54 + (-74 - -170) + -5 + -1 + 3.
39
-32 - (-35 + 11 + -25)
17
(25 - (25 + -6)) + -10 + 1 - 36
-39
(1 - 4) + (-32 - 15) - (2 - -20 - 30)
-42
What is the value of (3802 - 3883) + -1 + 38?
-44
Evaluate 0 + -24 - (-21 - -20 - 40).
17
What is -1 + 55 - (-147 + (183 - 62))?
80
-4 - -69 - (10 + -1 + (53 - 44 - 17))
64
(222 - 200) + (11 - -4)
37
Calculate 15 + 1 - (3 + 1) - (657 + -690).
45
Evaluate -37 + 20 + 16 + -39.
-40
What is 7 + -2 + -23 + (-117 - -128)?
-7
What is 34 - (17 - -18) - 28?
-29
What is the value of 38 - (120 - 144 - (-3 - 7))?
52
What is -2 + 0 + -2 - (-1917 + 1915)?
-2
Evaluate 28 + (-107 - -47) - 10.
-42
Calculate 5 - 19 - (39 + -50 + 16) - 93.
-112
What is 81 - (0 + 7 - -40)?
34
What is the value of -12 + -13 - -16 - (13 + -8 + -1)?
-13
Evaluate 0 - 8 - (8 - (-21 + 35) - 8).
6
Calculate (68 - 30) + -14 + (-12 - -10) - 6.
16
Calculate (-16 - -2) + 6 + (-4 - -4) - (-44 + -27).
63
What is -6 - (26 - (80 - 58))?
-10
Evaluate -10 + 5 + (-13 - 4) + 50 + -58.
-30
Evaluate -1 + -5 + 15 + -3 + 0 - 22.
-16
(-226 - -214) + (5 - (31 - 7))
-31
6 + -16 - ((2 - -4) + 1 + 2)
-19
What is the value of 11 + -7 - -4 - -22 - (2 + 9)?
19
What is -11 - (-20 + 27 + 72 + -7 + 2)?
-85
-22 - (32 + -42 - -33)
-45
(-5 + 8 + 2 - -10) + -9
6
Calculate 48 - (-67 - -111 - 48).
52
What is the value of -40 - ((29 - 69) + (3 - -15))?
-18
What is 56 + -69 + -36 + 62?
13
What is the value of -46 - -1 - (53 + (-30 - 37))?
-31
-44 + 7 + 58 + 41
62
What is -54 - -3 - (-1 - 11 - -10) - 12?
-61
Evaluate -69 + 134 - (-4 + 23 + -8 + 4).
50
Evaluate 40 - (-17 + 51) - (16 + 3).
-13
What is -21 - (2 + -1) - (41 + 17 + -47)?
-33
(23 - (-9 - -17)) + 16 + 10 - 4
37
What is 36 - ((54 - 51) + 9)?
24
-95 + -18 + 139 + -19
7
Calculate -96 + (7 - 30 - -45 - 6).
-80
What is -401 + 412 + -1 + (4 - 22) + -8 + -1?
-17
What is ((-62 - 3) + -1 + 7 - (2 + -14)) + -4?
-51
60 + (-32 - 18) - (-4 - (-59 - -2))
-43
What is (-23 - -26 - 22 - -30) + (-1 - 48)?
-38
What is the value of (-1 - 0 - 11) + (84 - 140) + 58 - 37?
-47
56 - 16 - -44 - (12 + -8 - 2)
82
Evaluate -44 - (-70 + 114 + -35).
-53
What is -37 - (22 + 3 + 1 + -7 + -16)?
-40
What is the value of 152 + -160 + (0 - -5 - (-16 + 18))?
-5
(39 - (-4 + 15)) + -67
-39
Calculate 2 + 37 + 5 - (-1457 - -1460).
41
What is (-7 - (-14 + -1)) + -12?
-4
Calculate -12732 + 12845 + (2 - 83).
32
What is 92 + (55 + -85 - -17)?
79
Evaluate 114 - ((5 - -46) + -8 - 21).
92
What is -54 + -5 + (14 - -13 - 22)?
-54
Calculate (-55 - (27 - 68)) + -2 + -39 + -1 + 0.
-56
Evaluate (-8 - -59 - 1) + 20 - 15.
55
(29 - -1) + -60 + 112 + -73 + (-2 - -34)
41
Evaluate 0 + 55 + (34 - (54 - 7)) - 0.
42
What is the value of 51 - ((51 - -28) + -25)?
-3
What is (8 - 48) + 8 + -1 + 8?
-25
Calculate (18 - -1) + (436 - 469) - (-3 - 17) - 101.
-95
(4 - (-2 + 10) - 2) + 11
5
What is the value of -74 + 72 + (-5 - 1) - (-4 + 10)?
-14
(12 - -4) + (-14 - -22) + -16 + 43
51
What is the value of 30 + (35 - (-36 + 197) - -25)?
-71
What is the value of (-4 + 5 - 47 - -1) + 17 + (-6 - 13)?
-47
38 + (16 - (32 + -27)) + -31
18
Evaluate -1094 + 1162 - (2 - -18).
48
Calculate -8 - (-51 + 10 + -42).
75
Evaluate -1 + -43 + -3 - (121 - 123) - (1 + -11).
-35
1174 + -1169 + (-4 - (3 + 1 - -81))
-84
Evaluate -3 - (22 - (26 - (24 - 2))).
-21
Evaluate (13 - 0 - (72 + -9)) + -9 + -1 + 1.
-59
What is (208 - 241) + -11 + 4 + 1 + 11?
-28
16 + (0 + -2 + (-12 - -13) - 1) + -120
-106
What is ((1 - 21) + (80 - 66) - 2) + 10?
2
-75 - (128 - (18 + 218))
33
What is the value of (-57 - 5 - -7) + (535 - 574)?
-94
-75 - (-2 + 0 + (-332 - -337) + -22)
-56
Evaluate 9 + (-17 + -4 + (14 - 8) - (-69 - -59)).
4
-1 - (-6 - -14 - 2) - (221 + -196)
-32
What is -782 + 787 + (97 + 3 - -2) + -6?
101
What is 0 + -45 + -4 - (357 + -368)?
-38
What is the value of (-504 - -180) + 343 - (-3 + 1 + -99)?
120
What is the value of (228 - 236) + -3 + -23 + -2?
-36
What is the value of 11 - 0 - (47 + -61 + -2)?
27
What is the value of 35 - (12 - (-2 - 1)) - 23?
-3
What is -3 + 0 + -614 + 643 - (-2 - -1)?
27
Calculate -15 + 8 - (-10 - (10 + -6 - 5) - 7).
9
What is the value of (-155 - -119) + (-1 - (-3 - -4))?
-38
What is the value of -28 + 23 + 46 + -16 - -25?
50
What is the value of (105 + 0 - (1 + -16 + 22)) + -21 + 20?
97
What is 5 - (-2 + 56 - -1 - (268 - 247))?
-29
What is -29 + -9 + -20 + 50 + (-3 - 83)?
-94
Evaluate 20 + 14 + (0 + -14 - (223 - 237)) + -4.
30
Evaluate 0 + (-17 - (-39 - -23)) - 17.
-18
What is the value of (-68 - -55) + 30 - -52?
69
What is (23 - 2) + (224 - 255) - -15?
5
-137 + 50 + 73 - 75
-89
Evaluate (0 - 4) + (9 - -11) + 25.
41
What is the value of 202 + -189 - (31 + (4 - 5) - 3 - -2)?
-16
Evaluate (-2 - (12 - (15 - 13))) + -3 - (28 - 27).
-16
14 + (20 - 44 - 23) + -13
-46
What is the value of 15 + -2 + (22 - -42) + -143?
-66
What is 10 + 25 + -11 + -38 - -55?
41
16 - (11 - (14 + 2))
21
What is the value of 1 + -11 - (-22 - (61 + -1 + 27 + -35))?
64
Calculate 1 - 63 - (58 + 19 + -89).
-50
Evaluate 7 + -5 + 315 + -306.
11
-24 + (-16 - -25) + 6 + -19 + 10 + 11
-7
What is -15 + -11 + (-8 - -4) + -25?
-55
What is the value of 11 - 19 - ((-12 - -4) + (-1 - 21))?
22
Calculate 99 - 2 - (10 - -6 - 47 - -44).
84
-11 - (-44 - (-3 + -11))
19
11 - 7 - (5 + -6) - (-22 - (-2 - -1))
26
What is (202 - (425 + -207)) + 0 + -2?
-18
What is the value of 2 + (-1 - -13) + 10 + 10 + -68?
-34
Calculate 0 + 2 + -2 - (1842 - 1821) - -77.
56
What is the value of 77 + (102 + -44 - 74)?
61
What is the value of (-74 - (-51 - -6 - -33)) + 13 + 0?
-49
Evaluate -108 - (39 + -92 + -45).
-10
What is (0 + 1 - 18) + (42 - 99 - -28)?
-46
What is 80 + (-76 - -1) + (4 + -1 + -37 - 2)?
-31
Evaluate (1 - 3 - 12) + -2 + -45 + -583 + 672.
28
Evaluate (11 + -1 - (39 - -20 - 32 - 19)) + 74.
76
What is the value of -36 + 50 + -11 + -57?
-54
Calculate 8 + -2 + 66 + -29 + 11 + 12 + -5.
61
Evaluate -50 - (-17 + 16 + 9 + -11).
-47
Evaluate 94 + (-12 - 1 - (-40 + (-20 - -50))) + 1.
92
Calculate 155 + (11 - 149) + (1 - 15) - (1 - 100).
102
Evaluate -28 + 44 + (-73 - -73).
16
What is -68 - ((-31 + 49 - -11) + 12)?
-109
What is the value of -38 - -29 - (23 - (-24 + 23))?
-33
What is the value of 2990 + -2993 - (2 - (-6 + 1))?
-10
What is the value of -9 - (-14 - 6) - (-17 + 40)?
-12
Evaluate -6 - -33 - (104 + -59 + 22).
-40
1 - 3 - 4 - (90 - (90 + 32))
26
What is (5 - -10 - 10) + -9 + (-2 - 8)?
-14
What is the value of 43 + -75 + 7 + (-30 - 9)?
-64
Evaluate 4 + (4 + 1 - (-7 + 20)) - (87 + -121).
30
Calculate (-342 - -349) + (-14 + 14 - (3 + (2 - 2))).
4
Calculate (-50 - -58) + -2 + 21 + -2.
25
22 + -2 + (-50 - -19) - -55
44
Calculate (-15 + (21 - 15) - -9 - (1 + 0)) + 46.
45
What is (44 - (2 + -10)) + -5 + 18 - 4?
61
What is -105 + (9 - (-46 - 0))?
-50
What is 1955 - 1942 - (2 - (19 - (-2 + 4)))?
28
29 + -1 - 0 - (-5244 + 5261)
11
What is the value of -5 + (5 - (2 + 0)) + 1 - (79 - 141)?
61
Evaluate 1 + 11 + (27 + 26 - 65) + (5 - 69).
-64
What is the value of 0 + (11 + -19 - (1 - 1)) + -36?
-44
Evaluate (10 - (-11 + 17)) + 14 + (-5 - 56).
-43
What is the value of (-2 - 0 - 87) + (27 + 75 - 102) - -13?
-76
What is the value of (93 - 144) + (12 - -1 - (1 + 2))?
-41
What is the value of 66 - ((35 - 20) + 38)?
13
Calculate ((26 - 3 - 16) + -23 - -12) + 6 + 1.
3
What is -15 - ((8 - (13 - 41)) + 3 + 0)?
-54
What is -61 + (20 - 6) + -16 + 7 + 2?
-54
Calculate (-141 - (-13 + -9 + 13)) + -81 + 81.
-132
Evaluate -86 + -17 + 93 - (-2 - (69 - (0 - -1))).
60
What is 7 - (2 + -8) - (132 + -152)?
33
What is the value of 61 - (2 - (0 + 1) - (49 - (-85 + 138)))?
56
What is (-6